e -2*l + 4*l = 12. Suppose 3*t = l, -2*w - 2 = -0*t - 3*t. What is the greatest common factor of s and w?
1
Let d(p) = -17*p - 450. Let v be d(-30). Calculate the highest common divisor of 315 and v.
15
Let a(b) = -15*b + 277. Let s be a(17). Let t = 85 - -91. Calculate the highest common divisor of t and s.
22
Let w be (-152)/(-4) - 4/2. Let i = -153 - -3. Let n = i - -240. What is the highest common factor of w and n?
18
Let c(t) = -t**3 - 4*t**2 - 14*t - 18. Let x be c(-4). Calculate the highest common factor of 1007 and x.
19
Let a(y) = -3*y**3 + y**2 - 4. Let i be a(-2). What is the highest common factor of 66 and i?
6
Suppose -80 = 5*h + 25. Let d = 18 - h. What is the highest common divisor of d and 26?
13
Suppose -3*l - 6 - 4 = -4*p, 2*p - 8 = 0. Suppose l*h = 4*h - 3*r - 54, -h = 4*r - 38. What is the greatest common divisor of 120 and h?
30
Let f = 569 + -511. Calculate the greatest common divisor of f and 406.
58
Suppose -331 = -3*p - 4*n, -6*n + 5*n - 5 = 0. What is the greatest common factor of 15 and p?
3
Let a be 1 + 6 + (-91 - -125). Calculate the greatest common factor of 41 and a.
41
Suppose 11 = 3*n + 5. Suppose -5*y + 5*t = -135, -2*y - n*t + 76 = y. What is the highest common divisor of y and 182?
26
Suppose 0 = -0*l - 5*l + 255. Suppose -r + 15 = -5*f - 8, -r - 3*f = 9. Suppose r*x + 5*x - 136 = 0. Calculate the highest common divisor of l and x.
17
Suppose 4*r - 2*d = 218, -r - 2*d + 41 = -7*d. Suppose -3*w = l + l - 202, 3*w - 230 = 5*l. Suppose 4*m = -m + w. What is the highest common factor of r and m?
14
Let d(k) = 2*k**2 + 45*k + 55. Let i be d(-22). What is the highest common factor of i and 33?
33
Let c = -31 - -57. Suppose 2*w - 3*r - r - c = 0, 18 = 2*w - 2*r. Calculate the highest common divisor of w and 10.
5
Suppose 3*b - 2*m + 6*m - 23 = 0, -5*b = -3*m - 48. Calculate the highest common factor of 18 and b.
9
Let y(n) = n - 43. Let u be y(0). Let c(k) = k**2 + 3*k + 61. Let x be c(0). Let s = x + u. What is the greatest common divisor of s and 2?
2
Let k be (-195)/2*(-736)/115. What is the highest common factor of 13 and k?
13
Suppose 1250 = 41*o - 16*o. Calculate the greatest common divisor of 145 and o.
5
Suppose -2*l = 3*h - 193, 3*l + 3*h = 2*l + 98. What is the highest common factor of l and 57?
19
Let w = -80 - -83. Let h(m) = m**3 - m**2 + m - 2. Let b be h(w). What is the highest common divisor of 76 and b?
19
Let k be (4/(-10))/((-1)/420). Suppose 2*v - 3*v + k = 0. Calculate the greatest common factor of 21 and v.
21
Let s = 11 + -11. Suppose s = -8*p + 4*p + 20. Suppose 4*f - 2 = p*k, -3*k + f - 2*f + 9 = 0. What is the greatest common divisor of 16 and k?
2
Suppose 2*l - 56 = -5*w - 3, -4*w = -4. Suppose -3*i + 4*p - 90 = -8*i, 90 = 5*i + p. What is the greatest common factor of l and i?
6
Let s(d) = 4*d + 80. Let h be s(-5). Calculate the highest common divisor of h and 270.
30
Let n = -57 + 83. Let y(b) = b**2 - 5*b + 50. Let c be y(0). Let r = c + 28. Calculate the greatest common divisor of n and r.
26
Let c = -8 + 11. Suppose 2*k = m + 3, -5*m = -4*k + 12 + c. Suppose k*x - 4*x = -2*d + 46, 0 = -5*x + 10. Calculate the greatest common factor of d and 243.
27
Let g be 6/(-39) - 2915/65. Let j = g - -64. What is the greatest common factor of j and 133?
19
Suppose 9*j = -j + 1030. Suppose 0 = 4*k + j - 243. What is the highest common factor of k and 7?
7
Suppose v + 2*k - 32 = 0, 2*v + 5*k - 18 - 49 = 0. Let n(y) = 3*y**3 + 50*y**2 - 18*y - 16. Let w be n(-17). Calculate the highest common factor of v and w.
1
Suppose 0 = 3*k + 5 - 2, 2*j - 5*k - 741 = 0. Suppose -4*c + 0*c = -j. Let l be 0 + (-4 - -3) + 24. Calculate the highest common divisor of c and l.
23
Suppose -v + 221 = u + 29, 0 = 4*u + v - 780. Calculate the highest common divisor of 28 and u.
28
Let v be (-16)/(-4) - (2 + -2 - 316). Calculate the highest common divisor of 30 and v.
10
Let i be (-104)/6*(-3)/2. Let s = 360 - 282. What is the highest common divisor of s and i?
26
Let u(q) = -47 - 3 + 5*q - 13*q. Let b be u(-7). What is the highest common divisor of b and 48?
6
Let x(a) = a**2 + 6*a - 11. Let i be x(-10). Suppose -3*b + 59 = i. What is the greatest common divisor of b and 40?
10
Let k(v) = 12*v**3 - 7*v**2 + 4*v + 12. Let o be k(4). Suppose -116*z = -112*z - o. Calculate the greatest common factor of z and 19.
19
Let q = -91 - -133. Let m(a) = -6*a - 20. Suppose -5*z = 3*l + 25, z + 2*l + 23 = 5*l. Let v be m(z). What is the greatest common divisor of q and v?
14
Suppose 5*w - 459 = 36. Calculate the greatest common factor of 45 and w.
9
Let g(u) = -u + 34. Let m(v) = -v**2 - 8*v - 3. Let q be m(-4). Let i be g(q). What is the highest common divisor of 231 and i?
21
Let n be 3/(-2) + (-129)/(-6). Let p = 42 - -118. What is the highest common factor of p and n?
20
Suppose 0 = -5*x + 2518 - 763. What is the highest common divisor of 39 and x?
39
Let m(g) = 2*g**2 + 3*g + 1. Let u be m(-7). What is the greatest common divisor of u and 6?
6
Let r = -86 + 11. Let c = 114 + r. Suppose -4*v + 23*v = 247. What is the greatest common factor of c and v?
13
Suppose -4*n + 64 = 4*i, -n + 26 = 3*i - 16. What is the highest common divisor of 299 and i?
13
Let k = -413 - -599. What is the greatest common divisor of k and 6?
6
Let d be 3/(-4)*-18*-2. Let v = d - -30. Suppose 2*y = -v*y + 715. What is the highest common divisor of 13 and y?
13
Let d(y) = 5*y - 3. Let b be d(5). Suppose x = -1, 4*x = -450*w + 447*w + 656. Calculate the highest common divisor of w and b.
22
Let l be ((-2178)/88)/((-1)/(-4)). Let b = l + 135. Let p = 1 + 3. Calculate the highest common factor of b and p.
4
Let n = -668 - -1364. Suppose -3*p = -s - n, -5*p - 524 = 4*s - 1667. What is the greatest common divisor of 21 and p?
21
Let n be (-24908)/(-60) - (-2)/(-15). Suppose -2*u - 47 = -n. Suppose -4*x + u - 4 = 0. Calculate the greatest common factor of 5 and x.
5
Let u = -23 - -26. Suppose 0 = u*s - 3, -2*v + 4*s = 2*v - 148. Let h be 35/3 - v/57. What is the greatest common factor of h and 77?
11
Suppose -j - 15 = -6*r + 4*r, -3*r + 3*j = -27. What is the highest common divisor of r and 384?
6
Let n be 1 - (6 + -4 + -501). Calculate the highest common factor of n and 20.
20
Suppose n = -5*l - 9, -3*n - l + 25 = l. Suppose 16*a = n*a + 190. Calculate the greatest common divisor of a and 152.
38
Suppose -3*u + 6 = 0, -21*c = -23*c - 4*u + 56. Calculate the highest common divisor of 51 and c.
3
Let z(x) = -2*x**2 + 18*x - 20. Let l be z(6). Calculate the highest common factor of 64 and l.
16
Let f(h) = -h**3 - 22*h**2 + 19*h - 2. Let t be f(-23). Calculate the highest common divisor of t and 30.
30
Suppose -x = 11*x - 120. Let c(w) = 120*w**3 - w**2 + w. Let u be c(1). What is the greatest common factor of x and u?
10
Let p = -11 - 4. Let o = p + 30. Suppose -7 = 3*k - 16. What is the highest common factor of k and o?
3
Suppose 0*r = 3*r - 3*c - 9, r = 4*c - 12. What is the greatest common divisor of r and 3?
1
Let a(v) = v**2 - 2*v + 1. Let l be a(3). Suppose b + l*b = 170. Let d be (-2 - 90/6)*(3 + -8). What is the greatest common factor of b and d?
17
Suppose 0 = -46*g - 792 + 13212. What is the highest common factor of g and 486?
54
Let p(q) = 104*q**2 + q. Let z be p(1). Let a = -49 + z. What is the greatest common divisor of 8 and a?
8
Let l be (2 + -17)*(-16 - -16 - 3). Calculate the greatest common divisor of 885 and l.
15
Suppose 16 - 12 = 2*p. Let k(m) = 2*m + 2*m - 6*m - p + 9*m. Let i be k(3). Calculate the greatest common factor of 57 and i.
19
Let u(a) = 9*a + 130. Let i be u(-13). What is the highest common divisor of 871 and i?
13
Let s = 7 + 0. Let i(o) = o**3 - 30*o**2 + 60*o - 49. Let f be i(28). Calculate the highest common factor of f and s.
7
Let a(f) = -f**3 + 5*f**2 + f - 5. Let p be a(5). Suppose 11*n - 10*n - 58 = p. Let t = -40 + n. Calculate the greatest common factor of 2 and t.
2
Suppose -u + 10 = 4*u. Suppose -u + 6 = r. Suppose 3*t = 6, -r*i + t = -3*t - 32. Calculate the highest common factor of i and 2.
2
Let r(w) = -w**2 - 1. Let o be r(-1). Let q = -2 - o. Suppose -m + 3*u + 13 = q, m + u - 16 = 3*u. Calculate the greatest common divisor of 66 and m.
22
Suppose -1480 = -88*p - 424. Calculate the greatest common factor o